{"id":457,"date":"2021-07-25T13:03:51","date_gmt":"2021-07-25T13:03:51","guid":{"rendered":"https:\/\/www.eyekit.com.tr\/?page_id=457"},"modified":"2026-01-04T10:34:44","modified_gmt":"2026-01-04T10:34:44","slug":"eyekit-satin-al","status":"publish","type":"page","link":"https:\/\/eyekit.com.tr\/index.php\/eyekit-satin-al\/","title":{"rendered":"SATIN AL"},"content":{"rendered":"<p>Setlerimizin sat\u0131\u015f\u0131 \u00a0\u015fimdilik <strong>sadece<\/strong> sitemiz \u00fczerinden yap\u0131lmaktad\u0131r. Ba\u015fka bir platform ile anla\u015fmam\u0131z yoktur. Fiyat\u0131 ise T\u00fcrkiye i\u00e7i kargo dahil <strong><span style=\"color: #ff0000;\">1050 TL<\/span>&#8216;<\/strong>dir.<\/p>\n<p>Eyekit ve Eyekid g\u00f6z egzersizleri setlerimiz <strong>kendin yap<\/strong> mant\u0131\u011f\u0131yla tasarlanm\u0131\u015f egzersiz setleridir. Covid-19 salg\u0131n\u0131 d\u00f6neminden \u00f6nce e\u011fitimlerimize kat\u0131lamayan, uzak mesafelerde ya\u015fayan ve egzersiz yapmak isteyen ki\u015filerin faydalanmas\u0131 i\u00e7in \u00fcretilmi\u015ftir.<\/p>\n<figure id=\"attachment_460\" aria-describedby=\"caption-attachment-460\" style=\"width: 300px\" class=\"wp-caption alignleft\"><img loading=\"lazy\" decoding=\"async\" class=\"size-medium wp-image-460\" src=\"https:\/\/eyekit.com.tr\/wp-content\/uploads\/2021\/07\/WhatsApp-Image-2021-07-25-at-16.01.29-300x225.jpeg\" alt=\"\" width=\"300\" height=\"225\" srcset=\"https:\/\/eyekit.com.tr\/wp-content\/uploads\/2021\/07\/WhatsApp-Image-2021-07-25-at-16.01.29-300x225.jpeg 300w, https:\/\/eyekit.com.tr\/wp-content\/uploads\/2021\/07\/WhatsApp-Image-2021-07-25-at-16.01.29-1024x768.jpeg 1024w, https:\/\/eyekit.com.tr\/wp-content\/uploads\/2021\/07\/WhatsApp-Image-2021-07-25-at-16.01.29-768x576.jpeg 768w, https:\/\/eyekit.com.tr\/wp-content\/uploads\/2021\/07\/WhatsApp-Image-2021-07-25-at-16.01.29-1536x1152.jpeg 1536w, https:\/\/eyekit.com.tr\/wp-content\/uploads\/2021\/07\/WhatsApp-Image-2021-07-25-at-16.01.29-1568x1176.jpeg 1568w, https:\/\/eyekit.com.tr\/wp-content\/uploads\/2021\/07\/WhatsApp-Image-2021-07-25-at-16.01.29.jpeg 2000w\" sizes=\"auto, (max-width: 300px) 100vw, 300px\" \/><figcaption id=\"caption-attachment-460\" class=\"wp-caption-text\">eyekit kutu, eyekit g\u00f6z egzersizleri<\/figcaption><\/figure>\n<p>Setlerde malzemeler basitlikleri ile dikkat \u00e7eker. Sebebi ise bahane yaratmadan her t\u00fcrl\u00fc materyali kullanarak egzersiz yapabilece\u011finizi ispatlamakt\u0131r. Setlerin kullan\u0131m\u0131 i\u00e7in elektri\u011fe, dolay\u0131s\u0131yla CD s\u00fcr\u00fcc\u00fcs\u00fc ve internete ihtiyac\u0131n\u0131z yoktur. Kitap\u00e7\u0131klar ve malzemeler yer kaplamaz, her yere ta\u015f\u0131nabilir.<\/p>\n<p>Eyekit yeti\u015fkin setleri 13 ya\u015f ve \u00fcst\u00fc herkes, Eyekid \u00e7ocuk setlerimiz ise 2-12 ya\u015f aras\u0131ndaki \u00e7ocuklar i\u00e7in uygundur.\u00a0 Eyekit yeti\u015fkin setlerimiz sayesinde askeri okul sa\u011fl\u0131k testlerini ge\u00e7ebilmi\u015f, hava harp okulunu kazanan gen\u00e7lerimizin oldu\u011funu \u00f6zellikle hat\u0131rlatmak isteriz. Setleri sat\u0131n almak i\u00e7in logolara t\u0131klayabilirsiniz.<\/p>\n<p><strong>Setlerimiz <span style=\"color: #ff0000;\">1050<\/span> lirad\u0131r. Bu bedele kargo ve KDV dahildir.\u00a0 Elektronik faturan\u0131z\u0131 eposta adresiniz \u00fczerinden veya bizlere sipari\u015f verirken bilgi vererek alabilirsiniz.\u00a0<\/strong><\/p>\n<p>&nbsp;<\/p>\n<p>&nbsp;<\/p>\n<p>&nbsp;<\/p>\n<table style=\"border-collapse: collapse; width: 100%;\">\n<tbody>\n<tr>\n<td style=\"width: 21.1773%;\"><a href=\"https:\/\/iyzi.link\/AIph7A\"><img loading=\"lazy\" decoding=\"async\" class=\" wp-image-416\" src=\"https:\/\/eyekit.com.tr\/wp-content\/uploads\/2021\/07\/eyekid-logo-300x169.png\" alt=\"\" width=\"130\" height=\"73\" srcset=\"https:\/\/eyekit.com.tr\/wp-content\/uploads\/2021\/07\/eyekid-logo-300x169.png 300w, https:\/\/eyekit.com.tr\/wp-content\/uploads\/2021\/07\/eyekid-logo-1024x576.png 1024w, https:\/\/eyekit.com.tr\/wp-content\/uploads\/2021\/07\/eyekid-logo-768x432.png 768w, https:\/\/eyekit.com.tr\/wp-content\/uploads\/2021\/07\/eyekid-logo-107x60.png 107w, https:\/\/eyekit.com.tr\/wp-content\/uploads\/2021\/07\/eyekid-logo.png 1280w\" sizes=\"auto, (max-width: 130px) 100vw, 130px\" \/><\/a><\/td>\n<td style=\"width: 78.8227%;\"><a href=\"https:\/\/iyzi.link\/AIph7A\">\u00c7ocuk Egzersiz &amp; Oyun Setini Sat\u0131n Al\u0131n<\/a><\/td>\n<\/tr>\n<tr>\n<td style=\"width: 21.1773%;\"><a href=\"https:\/\/iyzi.link\/AIph5Q\"><img loading=\"lazy\" decoding=\"async\" class=\"alignnone wp-image-412\" src=\"https:\/\/eyekit.com.tr\/wp-content\/uploads\/2021\/07\/cropped-Slayt6-300x276.png\" alt=\"\" width=\"112\" height=\"103\" srcset=\"https:\/\/eyekit.com.tr\/wp-content\/uploads\/2021\/07\/cropped-Slayt6-300x276.png 300w, https:\/\/eyekit.com.tr\/wp-content\/uploads\/2021\/07\/cropped-Slayt6-65x60.png 65w, https:\/\/eyekit.com.tr\/wp-content\/uploads\/2021\/07\/cropped-Slayt6.png 720w\" sizes=\"auto, (max-width: 112px) 100vw, 112px\" \/><\/a><\/td>\n<td style=\"width: 78.8227%;\"><a href=\"https:\/\/iyzi.link\/AIph5Q\">Yeti\u015fkin Egzersiz Setini Sat\u0131n Al\u0131n<\/a><\/td>\n<\/tr>\n<\/tbody>\n<\/table>\n<p><img loading=\"lazy\" decoding=\"async\" class=\"alignnone wp-image-600\" src=\"https:\/\/eyekit.com.tr\/wp-content\/uploads\/2022\/08\/indir-300x113.png\" alt=\"\" width=\"173\" height=\"65\" srcset=\"https:\/\/eyekit.com.tr\/wp-content\/uploads\/2022\/08\/indir-300x113.png 300w, https:\/\/eyekit.com.tr\/wp-content\/uploads\/2022\/08\/indir.png 320w\" sizes=\"auto, (max-width: 173px) 100vw, 173px\" \/><img loading=\"lazy\" decoding=\"async\" class=\"alignnone wp-image-602\" src=\"https:\/\/eyekit.com.tr\/wp-content\/uploads\/2022\/08\/png-clipart-visa-mastercard-logo-visa-mastercard-computer-icons-visa-text-payment-300x90.png\" alt=\"\" width=\"116\" height=\"35\" srcset=\"https:\/\/eyekit.com.tr\/wp-content\/uploads\/2022\/08\/png-clipart-visa-mastercard-logo-visa-mastercard-computer-icons-visa-text-payment-300x90.png 300w, https:\/\/eyekit.com.tr\/wp-content\/uploads\/2022\/08\/png-clipart-visa-mastercard-logo-visa-mastercard-computer-icons-visa-text-payment-500x151.png 500w, https:\/\/eyekit.com.tr\/wp-content\/uploads\/2022\/08\/png-clipart-visa-mastercard-logo-visa-mastercard-computer-icons-visa-text-payment.png 503w\" sizes=\"auto, (max-width: 116px) 100vw, 116px\" \/><\/p>\n<p><script type=\"text\/javascript\">window.iyz = { token: '01af0975-64f2-4556-ba12-8a4b7b1742da', position: 'bottomLeft', ideaSoft: false, pwi: true};<\/script><br \/>\n<script type=\"text\/javascript\" src=\"https:\/\/static.iyzipay.com\/buyer-protection\/buyer-protection.js\"><\/script><\/p>\n","protected":false},"excerpt":{"rendered":"<p>Setlerimizin sat\u0131\u015f\u0131 \u00a0\u015fimdilik sadece sitemiz \u00fczerinden yap\u0131lmaktad\u0131r. Ba\u015fka bir platform ile anla\u015fmam\u0131z yoktur. Fiyat\u0131 ise T\u00fcrkiye i\u00e7i kargo dahil 1050 TL&#8216;dir. Eyekit ve Eyekid g\u00f6z egzersizleri setlerimiz kendin yap mant\u0131\u011f\u0131yla tasarlanm\u0131\u015f egzersiz setleridir. Covid-19 salg\u0131n\u0131 d\u00f6neminden \u00f6nce e\u011fitimlerimize kat\u0131lamayan, uzak mesafelerde ya\u015fayan ve egzersiz yapmak isteyen ki\u015filerin faydalanmas\u0131 i\u00e7in \u00fcretilmi\u015ftir. Setlerde malzemeler basitlikleri ile dikkat \u00e7eker. Sebebi ise bahane yaratmadan her t\u00fcrl\u00fc materyali kullanarak egzersiz yapabilece\u011finizi ispatlamakt\u0131r. Setlerin kullan\u0131m\u0131 i\u00e7in elektri\u011fe, dolay\u0131s\u0131yla CD s\u00fcr\u00fcc\u00fcs\u00fc ve internete ihtiyac\u0131n\u0131z yoktur. Kitap\u00e7\u0131klar ve malzemeler yer kaplamaz, her yere ta\u015f\u0131nabilir. Eyekit yeti\u015fkin setleri 13 ya\u015f ve \u00fcst\u00fc herkes, Eyekid \u00e7ocuk setlerimiz ise 2-12 ya\u015f aras\u0131ndaki \u00e7ocuklar i\u00e7in uygundur.\u00a0 Eyekit yeti\u015fkin setlerimiz sayesinde askeri okul sa\u011fl\u0131k testlerini ge\u00e7ebilmi\u015f, hava harp okulunu kazanan gen\u00e7lerimizin oldu\u011funu \u00f6zellikle hat\u0131rlatmak isteriz. Setleri sat\u0131n almak i\u00e7in logolara t\u0131klayabilirsiniz. Setlerimiz 1050 lirad\u0131r. Bu bedele kargo ve KDV dahildir.\u00a0 Elektronik faturan\u0131z\u0131 eposta adresiniz \u00fczerinden veya bizlere sipari\u015f verirken bilgi vererek alabilirsiniz.\u00a0 &nbsp; &nbsp; &nbsp; \u00c7ocuk Egzersiz &amp; Oyun Setini Sat\u0131n Al\u0131n Yeti\u015fkin Egzersiz Setini Sat\u0131n Al\u0131n<\/p>\n","protected":false},"author":1,"featured_media":570,"parent":0,"menu_order":0,"comment_status":"closed","ping_status":"closed","template":"","meta":{"footnotes":""},"class_list":["post-457","page","type-page","status-publish","has-post-thumbnail","hentry"],"yoast_head":"<!-- This site is optimized with the Yoast SEO plugin v27.5 - https:\/\/yoast.com\/product\/yoast-seo-wordpress\/ -->\n<title>SATIN AL - Eyekit G\u00f6z Egzersizleri<\/title>\n<meta name=\"description\" content=\"Eyekit g\u00f6z egzersizleri seti sat\u0131n al\u0131n. B\u00f6ylece g\u00f6zl\u00fcklerden egzersiz yaparak kurtulun. Evde tek ba\u015f\u0131n\u0131za \u00e7al\u0131\u015fabilirsiniz.\" \/>\n<meta name=\"robots\" content=\"index, follow, max-snippet:-1, max-image-preview:large, max-video-preview:-1\" \/>\n<link rel=\"canonical\" href=\"https:\/\/eyekit.com.tr\/index.php\/eyekit-satin-al\/\" \/>\n<meta property=\"og:locale\" content=\"tr_TR\" \/>\n<meta property=\"og:type\" content=\"article\" \/>\n<meta property=\"og:title\" content=\"SATIN AL - Eyekit G\u00f6z Egzersizleri\" \/>\n<meta property=\"og:description\" content=\"Eyekit g\u00f6z egzersizleri seti sat\u0131n al\u0131n. B\u00f6ylece g\u00f6zl\u00fcklerden egzersiz yaparak kurtulun. Evde tek ba\u015f\u0131n\u0131za \u00e7al\u0131\u015fabilirsiniz.\" \/>\n<meta property=\"og:url\" content=\"https:\/\/eyekit.com.tr\/index.php\/eyekit-satin-al\/\" \/>\n<meta property=\"og:site_name\" content=\"Eyekit G\u00f6z Egzersizleri\" \/>\n<meta property=\"article:publisher\" content=\"https:\/\/www.facebook.com\/eyefitturkey\" \/>\n<meta property=\"article:modified_time\" content=\"2026-01-04T10:34:44+00:00\" \/>\n<meta property=\"og:image\" content=\"https:\/\/eyekit.com.tr\/wp-content\/uploads\/2022\/08\/dikey1.jpg\" \/>\n\t<meta property=\"og:image:width\" content=\"600\" \/>\n\t<meta property=\"og:image:height\" content=\"800\" \/>\n\t<meta property=\"og:image:type\" content=\"image\/jpeg\" \/>\n<meta name=\"twitter:card\" content=\"summary_large_image\" \/>\n<meta name=\"twitter:label1\" content=\"Tahmini okuma s\u00fcresi\" \/>\n\t<meta name=\"twitter:data1\" content=\"3 dakika\" \/>\n<script type=\"application\/ld+json\" class=\"yoast-schema-graph\">{\"@context\":\"https:\\\/\\\/schema.org\",\"@graph\":[{\"@type\":\"WebPage\",\"@id\":\"https:\\\/\\\/eyekit.com.tr\\\/index.php\\\/eyekit-satin-al\\\/\",\"url\":\"https:\\\/\\\/eyekit.com.tr\\\/index.php\\\/eyekit-satin-al\\\/\",\"name\":\"SATIN AL - Eyekit G\u00f6z Egzersizleri\",\"isPartOf\":{\"@id\":\"https:\\\/\\\/eyekit.com.tr\\\/#website\"},\"primaryImageOfPage\":{\"@id\":\"https:\\\/\\\/eyekit.com.tr\\\/index.php\\\/eyekit-satin-al\\\/#primaryimage\"},\"image\":{\"@id\":\"https:\\\/\\\/eyekit.com.tr\\\/index.php\\\/eyekit-satin-al\\\/#primaryimage\"},\"thumbnailUrl\":\"https:\\\/\\\/eyekit.com.tr\\\/wp-content\\\/uploads\\\/2022\\\/08\\\/dikey1.jpg\",\"datePublished\":\"2021-07-25T13:03:51+00:00\",\"dateModified\":\"2026-01-04T10:34:44+00:00\",\"description\":\"Eyekit g\u00f6z egzersizleri seti sat\u0131n al\u0131n. B\u00f6ylece g\u00f6zl\u00fcklerden egzersiz yaparak kurtulun. Evde tek ba\u015f\u0131n\u0131za \u00e7al\u0131\u015fabilirsiniz.\",\"breadcrumb\":{\"@id\":\"https:\\\/\\\/eyekit.com.tr\\\/index.php\\\/eyekit-satin-al\\\/#breadcrumb\"},\"inLanguage\":\"tr\",\"potentialAction\":[{\"@type\":\"ReadAction\",\"target\":[\"https:\\\/\\\/eyekit.com.tr\\\/index.php\\\/eyekit-satin-al\\\/\"]}]},{\"@type\":\"ImageObject\",\"inLanguage\":\"tr\",\"@id\":\"https:\\\/\\\/eyekit.com.tr\\\/index.php\\\/eyekit-satin-al\\\/#primaryimage\",\"url\":\"https:\\\/\\\/eyekit.com.tr\\\/wp-content\\\/uploads\\\/2022\\\/08\\\/dikey1.jpg\",\"contentUrl\":\"https:\\\/\\\/eyekit.com.tr\\\/wp-content\\\/uploads\\\/2022\\\/08\\\/dikey1.jpg\",\"width\":600,\"height\":800},{\"@type\":\"BreadcrumbList\",\"@id\":\"https:\\\/\\\/eyekit.com.tr\\\/index.php\\\/eyekit-satin-al\\\/#breadcrumb\",\"itemListElement\":[{\"@type\":\"ListItem\",\"position\":1,\"name\":\"Anasayfa\",\"item\":\"https:\\\/\\\/eyekit.com.tr\\\/\"},{\"@type\":\"ListItem\",\"position\":2,\"name\":\"SATIN AL\"}]},{\"@type\":\"WebSite\",\"@id\":\"https:\\\/\\\/eyekit.com.tr\\\/#website\",\"url\":\"https:\\\/\\\/eyekit.com.tr\\\/\",\"name\":\"Eyekit G\u00f6z Egzersizleri\",\"description\":\"G\u00f6z egzersizleri ile g\u00f6zl\u00fcklerden kurtulun\",\"publisher\":{\"@id\":\"https:\\\/\\\/eyekit.com.tr\\\/#organization\"},\"potentialAction\":[{\"@type\":\"SearchAction\",\"target\":{\"@type\":\"EntryPoint\",\"urlTemplate\":\"https:\\\/\\\/eyekit.com.tr\\\/?s={search_term_string}\"},\"query-input\":{\"@type\":\"PropertyValueSpecification\",\"valueRequired\":true,\"valueName\":\"search_term_string\"}}],\"inLanguage\":\"tr\"},{\"@type\":\"Organization\",\"@id\":\"https:\\\/\\\/eyekit.com.tr\\\/#organization\",\"name\":\"Eyekit\",\"url\":\"https:\\\/\\\/eyekit.com.tr\\\/\",\"logo\":{\"@type\":\"ImageObject\",\"inLanguage\":\"tr\",\"@id\":\"https:\\\/\\\/eyekit.com.tr\\\/#\\\/schema\\\/logo\\\/image\\\/\",\"url\":\"https:\\\/\\\/eyekit.com.tr\\\/wp-content\\\/uploads\\\/2021\\\/07\\\/cropped-cropped-Slayt6.png\",\"contentUrl\":\"https:\\\/\\\/eyekit.com.tr\\\/wp-content\\\/uploads\\\/2021\\\/07\\\/cropped-cropped-Slayt6.png\",\"width\":250,\"height\":250,\"caption\":\"Eyekit\"},\"image\":{\"@id\":\"https:\\\/\\\/eyekit.com.tr\\\/#\\\/schema\\\/logo\\\/image\\\/\"},\"sameAs\":[\"https:\\\/\\\/www.facebook.com\\\/eyefitturkey\",\"https:\\\/\\\/www.instagram.com\\\/eyefitturkey\\\/\",\"https:\\\/\\\/www.youtube.com\\\/user\\\/ukox\"]}]}<\/script>\n<!-- \/ Yoast SEO plugin. -->","yoast_head_json":{"title":"SATIN AL - Eyekit G\u00f6z Egzersizleri","description":"Eyekit g\u00f6z egzersizleri seti sat\u0131n al\u0131n. B\u00f6ylece g\u00f6zl\u00fcklerden egzersiz yaparak kurtulun. Evde tek ba\u015f\u0131n\u0131za \u00e7al\u0131\u015fabilirsiniz.","robots":{"index":"index","follow":"follow","max-snippet":"max-snippet:-1","max-image-preview":"max-image-preview:large","max-video-preview":"max-video-preview:-1"},"canonical":"https:\/\/eyekit.com.tr\/index.php\/eyekit-satin-al\/","og_locale":"tr_TR","og_type":"article","og_title":"SATIN AL - Eyekit G\u00f6z Egzersizleri","og_description":"Eyekit g\u00f6z egzersizleri seti sat\u0131n al\u0131n. B\u00f6ylece g\u00f6zl\u00fcklerden egzersiz yaparak kurtulun. Evde tek ba\u015f\u0131n\u0131za \u00e7al\u0131\u015fabilirsiniz.","og_url":"https:\/\/eyekit.com.tr\/index.php\/eyekit-satin-al\/","og_site_name":"Eyekit G\u00f6z Egzersizleri","article_publisher":"https:\/\/www.facebook.com\/eyefitturkey","article_modified_time":"2026-01-04T10:34:44+00:00","og_image":[{"width":600,"height":800,"url":"https:\/\/eyekit.com.tr\/wp-content\/uploads\/2022\/08\/dikey1.jpg","type":"image\/jpeg"}],"twitter_card":"summary_large_image","twitter_misc":{"Tahmini okuma s\u00fcresi":"3 dakika"},"schema":{"@context":"https:\/\/schema.org","@graph":[{"@type":"WebPage","@id":"https:\/\/eyekit.com.tr\/index.php\/eyekit-satin-al\/","url":"https:\/\/eyekit.com.tr\/index.php\/eyekit-satin-al\/","name":"SATIN AL - Eyekit G\u00f6z Egzersizleri","isPartOf":{"@id":"https:\/\/eyekit.com.tr\/#website"},"primaryImageOfPage":{"@id":"https:\/\/eyekit.com.tr\/index.php\/eyekit-satin-al\/#primaryimage"},"image":{"@id":"https:\/\/eyekit.com.tr\/index.php\/eyekit-satin-al\/#primaryimage"},"thumbnailUrl":"https:\/\/eyekit.com.tr\/wp-content\/uploads\/2022\/08\/dikey1.jpg","datePublished":"2021-07-25T13:03:51+00:00","dateModified":"2026-01-04T10:34:44+00:00","description":"Eyekit g\u00f6z egzersizleri seti sat\u0131n al\u0131n. B\u00f6ylece g\u00f6zl\u00fcklerden egzersiz yaparak kurtulun. Evde tek ba\u015f\u0131n\u0131za \u00e7al\u0131\u015fabilirsiniz.","breadcrumb":{"@id":"https:\/\/eyekit.com.tr\/index.php\/eyekit-satin-al\/#breadcrumb"},"inLanguage":"tr","potentialAction":[{"@type":"ReadAction","target":["https:\/\/eyekit.com.tr\/index.php\/eyekit-satin-al\/"]}]},{"@type":"ImageObject","inLanguage":"tr","@id":"https:\/\/eyekit.com.tr\/index.php\/eyekit-satin-al\/#primaryimage","url":"https:\/\/eyekit.com.tr\/wp-content\/uploads\/2022\/08\/dikey1.jpg","contentUrl":"https:\/\/eyekit.com.tr\/wp-content\/uploads\/2022\/08\/dikey1.jpg","width":600,"height":800},{"@type":"BreadcrumbList","@id":"https:\/\/eyekit.com.tr\/index.php\/eyekit-satin-al\/#breadcrumb","itemListElement":[{"@type":"ListItem","position":1,"name":"Anasayfa","item":"https:\/\/eyekit.com.tr\/"},{"@type":"ListItem","position":2,"name":"SATIN AL"}]},{"@type":"WebSite","@id":"https:\/\/eyekit.com.tr\/#website","url":"https:\/\/eyekit.com.tr\/","name":"Eyekit G\u00f6z Egzersizleri","description":"G\u00f6z egzersizleri ile g\u00f6zl\u00fcklerden kurtulun","publisher":{"@id":"https:\/\/eyekit.com.tr\/#organization"},"potentialAction":[{"@type":"SearchAction","target":{"@type":"EntryPoint","urlTemplate":"https:\/\/eyekit.com.tr\/?s={search_term_string}"},"query-input":{"@type":"PropertyValueSpecification","valueRequired":true,"valueName":"search_term_string"}}],"inLanguage":"tr"},{"@type":"Organization","@id":"https:\/\/eyekit.com.tr\/#organization","name":"Eyekit","url":"https:\/\/eyekit.com.tr\/","logo":{"@type":"ImageObject","inLanguage":"tr","@id":"https:\/\/eyekit.com.tr\/#\/schema\/logo\/image\/","url":"https:\/\/eyekit.com.tr\/wp-content\/uploads\/2021\/07\/cropped-cropped-Slayt6.png","contentUrl":"https:\/\/eyekit.com.tr\/wp-content\/uploads\/2021\/07\/cropped-cropped-Slayt6.png","width":250,"height":250,"caption":"Eyekit"},"image":{"@id":"https:\/\/eyekit.com.tr\/#\/schema\/logo\/image\/"},"sameAs":["https:\/\/www.facebook.com\/eyefitturkey","https:\/\/www.instagram.com\/eyefitturkey\/","https:\/\/www.youtube.com\/user\/ukox"]}]}},"_links":{"self":[{"href":"https:\/\/eyekit.com.tr\/index.php\/wp-json\/wp\/v2\/pages\/457","targetHints":{"allow":["GET"]}}],"collection":[{"href":"https:\/\/eyekit.com.tr\/index.php\/wp-json\/wp\/v2\/pages"}],"about":[{"href":"https:\/\/eyekit.com.tr\/index.php\/wp-json\/wp\/v2\/types\/page"}],"author":[{"embeddable":true,"href":"https:\/\/eyekit.com.tr\/index.php\/wp-json\/wp\/v2\/users\/1"}],"replies":[{"embeddable":true,"href":"https:\/\/eyekit.com.tr\/index.php\/wp-json\/wp\/v2\/comments?post=457"}],"version-history":[{"count":31,"href":"https:\/\/eyekit.com.tr\/index.php\/wp-json\/wp\/v2\/pages\/457\/revisions"}],"predecessor-version":[{"id":667,"href":"https:\/\/eyekit.com.tr\/index.php\/wp-json\/wp\/v2\/pages\/457\/revisions\/667"}],"wp:featuredmedia":[{"embeddable":true,"href":"https:\/\/eyekit.com.tr\/index.php\/wp-json\/wp\/v2\/media\/570"}],"wp:attachment":[{"href":"https:\/\/eyekit.com.tr\/index.php\/wp-json\/wp\/v2\/media?parent=457"}],"curies":[{"name":"wp","href":"https:\/\/api.w.org\/{rel}","templated":true}]}}